{"id":123,"date":"2012-01-12T21:59:13","date_gmt":"2012-01-12T21:59:13","guid":{"rendered":"http:\/\/www.villingur.com\/?page_id=123"},"modified":"2026-03-27T10:35:36","modified_gmt":"2026-03-27T09:35:36","slug":"dokumenter","status":"publish","type":"page","link":"http:\/\/www.villingur.com\/?page_id=123","title":{"rendered":"Dokumenter"},"content":{"rendered":"\n<h3 class=\"wp-block-heading\">\u00c5rsm\u00f8te referat<\/h3>\n\n\n\n<div class=\"wp-block-file\"><a id=\"wp-block-file--media-e673b2da-1b74-46fc-8a54-867d6eb79a91\" href=\"https:\/\/www.villingur.com\/wp-content\/uploads\/Arsmote-i-Villingur-2025.pdf\">\u00c5rsm\u00f8te i Villingur 2025<\/a><\/div>\n\n\n\n<div class=\"wp-block-file\"><a id=\"wp-block-file--media-4ba2ff55-82af-4f3c-bcd3-7636d0a0dfd4\" href=\"https:\/\/www.villingur.com\/wp-content\/uploads\/Arsmote-i-Villingur-2024.pdf\">\u00c5rsm\u00f8te i Villingur 2024<\/a><\/div>\n\n\n\n<div class=\"wp-block-file\"><a id=\"wp-block-file--media-6b692dac-1909-4d98-885c-85ec75390f9d\" href=\"https:\/\/www.villingur.com\/wp-content\/uploads\/aarsmote-ref_2023_2_SIGNERT.pdf\">\u00c5rsm\u00f8te  i Villingur 2023 <\/a><\/div>\n\n\n\n<div class=\"wp-block-file\"><a id=\"wp-block-file--media-87d06236-0d37-450c-9b74-2b2567b87b24\" href=\"http:\/\/www.villingur.com\/wp-content\/uploads\/Arsmote-referat-2022.pdf\">\u00c5rsm\u00f8te i Villingur 2022<\/a><\/div>\n\n\n\n<p><a href=\"http:\/\/www.villingur.com\/wp-content\/uploads\/Villingur-Arsmote-referat-2021.pdf\">\u00c5rsm\u00f8te i Villingur 2021<\/a><br><a href=\"http:\/\/www.villingur.com\/wp-content\/uploads\/Arsmote-i-Villingur-2020.pdf\">\u00c5rsm\u00f8te i Villingur 2020<\/a><br><a href=\"http:\/\/www.villingur.com\/wp-content\/uploads\/Villingur-Signert-\u00e5rsm\u00f8teprotokoll-2020.pdf\">\u00c5rsm\u00f8te i Villingur 2019<\/a><br><a href=\"http:\/\/www.villingur.com\/wp-content\/uploads\/Referat-fra-a\u030arsm\u00f8tet-2018-2.pdf\">\u00c5rsm\u00f8te i Villingur 2018<\/a><br><a href=\"http:\/\/www.villingur.com\/wp-content\/uploads\/Villingur-a\u030arsm\u00f8te-referat-2017.pdf\">\u00c5rsm\u00f8te i Villingur 2017<\/a><br><a href=\"http:\/\/www.villingur.com\/wp-content\/uploads\/Villingur-2016-referat.pdf\">\u00c5rsm\u00f8te i Villingur 2016<\/a><br><a href=\"http:\/\/www.villingur.com\/wp-content\/uploads\/Villingur-Ref-.pdf\">\u00c5rsm\u00f8te i Villingur 2015<\/a><br><a href=\"http:\/\/www.villingur.com\/wp-content\/uploads\/arsmote-i-Villingur-2014.pdf\">\u00c5rsm\u00f8te i Villingur 2014<\/a><br><a href=\"http:\/\/www.villingur.com\/wp-content\/uploads\/arsmote_NIHF.pdf\">Resym\u00e9 ifra \u00e5rsm\u00f8tet i NIHF for \u00e5ret 2012<\/a><br><a href=\"http:\/\/www.villingur.com\/wp-content\/uploads\/arsmote_2012.pdf\">Villingurs \u00e5rsm\u00f8te 2012<\/a><\/p>\n\n\n\n<h3 class=\"wp-block-heading\">\u00c5rsm\u00f8te sakspapirer<\/h3>\n\n\n\n<p><a href=\"https:\/\/www.villingur.com\/?p=10085\">\u00c5rsm\u00f8te 2024<br><\/a><a href=\"https:\/\/www.villingur.com\/?p=9788\">\u00c5rsm\u00f8te 2023<br><\/a><a href=\"https:\/\/www.villingur.com\/?p=9383\">\u00c5rsm\u00f8te 2022<br><\/a><a href=\"https:\/\/www.villingur.com\/?p=9048\">\u00c5rsm\u00f8te 2021<br><\/a><a href=\"https:\/\/www.villingur.com\/?p=8841\">\u00c5rsm\u00f8te 2020<br><\/a><a href=\"https:\/\/www.villingur.com\/?p=8543\">\u00c5rsm\u00f8te 2019<br><\/a><a href=\"https:\/\/www.villingur.com\/?p=7641\">\u00c5rsm\u00f8te 2018<\/a><br><a href=\"https:\/\/www.villingur.com\/?p=6472\">\u00c5rsm\u00f8te 2017<\/a><br><a href=\"https:\/\/www.villingur.com\/?p=5831\">\u00c5rsm\u00f8te 2016<\/a><\/p>\n\n\n\n<h3 class=\"wp-block-heading\">Lov for Villingur<\/h3>\n\n\n\n<hr class=\"wp-block-separator has-alpha-channel-opacity\"\/>\n\n\n\n<p><a href=\"http:\/\/www.villingur.com\/wp-content\/uploads\/LOV-FOR-VILLINGUR-ISLANDSHESTFORENING.pdf\">LOV FOR VILLINGUR ISLANDSHESTFORENING<\/a><\/p>\n\n\n\n<h3 class=\"wp-block-heading\">Skjema<\/h3>\n\n\n\n<hr class=\"wp-block-separator has-alpha-channel-opacity\"\/>\n\n\n\n<p><a href=\"https:\/\/cdn.sanity.io\/files\/7mvt3yk3\/production\/ff0da2475bd639cd5998198bd017ecce6a1418ce.pdf\">Egenerkl\u00e6ringsskjema<\/a><br><a href=\"https:\/\/nihf.no\/wp-content\/uploads\/2019\/01\/Hoveddommerskjema.pdf\">Hoveddommerskjema<\/a><br><a href=\"https:\/\/www.feiffengur.com\/documents\/Withdrawls_from_tests.pdf\">Trekningsskjema<\/a><br><\/p>\n\n\n\n<div class=\"wp-block-file\"><a id=\"wp-block-file--media-54f8f172-2fe3-48e9-8815-7f618dd5ce51\" href=\"https:\/\/www.villingur.com\/wp-content\/uploads\/Villingur-Utgiftsrefusjon-skjema.xlsx\">Villingur &#8211; Utgiftsrefusjonsskjema<\/a><\/div>\n\n\n\n<p><\/p>\n","protected":false},"excerpt":{"rendered":"<p>\u00c5rsm\u00f8te referat \u00c5rsm\u00f8te i Villingur 2021\u00c5rsm\u00f8te i Villingur 2020\u00c5rsm\u00f8te i Villingur 2019\u00c5rsm\u00f8te i Villingur 2018\u00c5rsm\u00f8te i Villingur 2017\u00c5rsm\u00f8te i Villingur 2016\u00c5rsm\u00f8te i Villingur 2015\u00c5rsm\u00f8te i Villingur 2014Resym\u00e9 ifra \u00e5rsm\u00f8tet i NIHF for \u00e5ret 2012Villingurs \u00e5rsm\u00f8te 2012 \u00c5rsm\u00f8te sakspapirer \u00c5rsm\u00f8te 2024\u00c5rsm\u00f8te 2023\u00c5rsm\u00f8te 2022\u00c5rsm\u00f8te 2021\u00c5rsm\u00f8te 2020\u00c5rsm\u00f8te 2019\u00c5rsm\u00f8te 2018\u00c5rsm\u00f8te 2017\u00c5rsm\u00f8te 2016 Lov for Villingur LOV FOR VILLINGUR ISLANDSHESTFORENING &hellip; <\/p>\n<p class=\"link-more\"><a href=\"http:\/\/www.villingur.com\/?page_id=123\" class=\"more-link\">Fortsett \u00e5 lese<span class=\"screen-reader-text\"> \u00abDokumenter\u00bb<\/span><\/a><\/p>\n","protected":false},"author":3,"featured_media":0,"parent":2,"menu_order":0,"comment_status":"closed","ping_status":"closed","template":"","meta":{"jetpack_post_was_ever_published":false,"footnotes":""},"class_list":["post-123","page","type-page","status-publish","hentry"],"jetpack_sharing_enabled":true,"jetpack_shortlink":"https:\/\/wp.me\/P803s6-1Z","jetpack_likes_enabled":true,"_links":{"self":[{"href":"http:\/\/www.villingur.com\/index.php?rest_route=\/wp\/v2\/pages\/123","targetHints":{"allow":["GET"]}}],"collection":[{"href":"http:\/\/www.villingur.com\/index.php?rest_route=\/wp\/v2\/pages"}],"about":[{"href":"http:\/\/www.villingur.com\/index.php?rest_route=\/wp\/v2\/types\/page"}],"author":[{"embeddable":true,"href":"http:\/\/www.villingur.com\/index.php?rest_route=\/wp\/v2\/users\/3"}],"replies":[{"embeddable":true,"href":"http:\/\/www.villingur.com\/index.php?rest_route=%2Fwp%2Fv2%2Fcomments&post=123"}],"version-history":[{"count":52,"href":"http:\/\/www.villingur.com\/index.php?rest_route=\/wp\/v2\/pages\/123\/revisions"}],"predecessor-version":[{"id":10427,"href":"http:\/\/www.villingur.com\/index.php?rest_route=\/wp\/v2\/pages\/123\/revisions\/10427"}],"up":[{"embeddable":true,"href":"http:\/\/www.villingur.com\/index.php?rest_route=\/wp\/v2\/pages\/2"}],"wp:attachment":[{"href":"http:\/\/www.villingur.com\/index.php?rest_route=%2Fwp%2Fv2%2Fmedia&parent=123"}],"curies":[{"name":"wp","href":"https:\/\/api.w.org\/{rel}","templated":true}]}}