{"id":3888,"date":"2014-09-01T11:20:06","date_gmt":"2014-09-01T09:20:06","guid":{"rendered":"http:\/\/www.villingur.com\/?page_id=3888"},"modified":"2014-09-01T12:45:09","modified_gmt":"2014-09-01T10:45:09","slug":"pamelding","status":"publish","type":"page","link":"http:\/\/www.villingur.com\/?page_id=3888","title":{"rendered":"P\u00e5melding"},"content":{"rendered":"<p>Villingur inviterer til en helg med hest, riding og masse kos \ud83d\ude42<\/p>\n<p>Dato: 12. \u2013 14. September<br \/>\nSted:  Fossanmoen Islandshestsenter<br \/>\nPris:    kr 950,- for medlemmer  (ikke medlem, kr 1200,-)<br \/>\nStallboks: kr 150,- pr d\u00f8gn<br \/>\nDet er ogs\u00e5 mulig \u00e5 f\u00e5 l\u00e5ne hest for denne helgen \ud83d\ude42<\/p>\n<p>Vennligst fyll ut p\u00e5meldingsskjema for ungdomshelgen under !<br \/>\nMinner om at det er bindende p\u00e5melding \ud83d\ude42<\/p>\n<p>[form form-7]<\/p>\n","protected":false},"excerpt":{"rendered":"<p>Villingur inviterer til en helg med hest, riding og masse kos \ud83d\ude42 Dato: 12. \u2013 14. September Sted: Fossanmoen Islandshestsenter Pris: kr 950,- for medlemmer (ikke medlem, kr 1200,-) Stallboks: kr 150,- pr d\u00f8gn Det er ogs\u00e5 mulig \u00e5 f\u00e5 l\u00e5ne hest for denne helgen \ud83d\ude42 Vennligst fyll ut p\u00e5meldingsskjema for ungdomshelgen under ! Minner &hellip; <\/p>\n<p class=\"link-more\"><a href=\"http:\/\/www.villingur.com\/?page_id=3888\" class=\"more-link\">Fortsett \u00e5 lese<span class=\"screen-reader-text\"> \u00abP\u00e5melding\u00bb<\/span><\/a><\/p>\n","protected":false},"author":1,"featured_media":0,"parent":0,"menu_order":0,"comment_status":"closed","ping_status":"closed","template":"","meta":{"jetpack_post_was_ever_published":false,"footnotes":""},"class_list":["post-3888","page","type-page","status-publish","hentry"],"jetpack_sharing_enabled":true,"jetpack_shortlink":"https:\/\/wp.me\/P803s6-10I","jetpack_likes_enabled":true,"_links":{"self":[{"href":"http:\/\/www.villingur.com\/index.php?rest_route=\/wp\/v2\/pages\/3888","targetHints":{"allow":["GET"]}}],"collection":[{"href":"http:\/\/www.villingur.com\/index.php?rest_route=\/wp\/v2\/pages"}],"about":[{"href":"http:\/\/www.villingur.com\/index.php?rest_route=\/wp\/v2\/types\/page"}],"author":[{"embeddable":true,"href":"http:\/\/www.villingur.com\/index.php?rest_route=\/wp\/v2\/users\/1"}],"replies":[{"embeddable":true,"href":"http:\/\/www.villingur.com\/index.php?rest_route=%2Fwp%2Fv2%2Fcomments&post=3888"}],"version-history":[{"count":3,"href":"http:\/\/www.villingur.com\/index.php?rest_route=\/wp\/v2\/pages\/3888\/revisions"}],"predecessor-version":[{"id":3891,"href":"http:\/\/www.villingur.com\/index.php?rest_route=\/wp\/v2\/pages\/3888\/revisions\/3891"}],"wp:attachment":[{"href":"http:\/\/www.villingur.com\/index.php?rest_route=%2Fwp%2Fv2%2Fmedia&parent=3888"}],"curies":[{"name":"wp","href":"https:\/\/api.w.org\/{rel}","templated":true}]}}