{"id":4310,"date":"2015-02-05T09:29:17","date_gmt":"2015-02-05T08:29:17","guid":{"rendered":"http:\/\/www.villingur.com\/?page_id=4310"},"modified":"2015-02-05T09:29:17","modified_gmt":"2015-02-05T08:29:17","slug":"overnattingssteder","status":"publish","type":"page","link":"http:\/\/www.villingur.com\/?page_id=4310","title":{"rendered":"Overnattingssteder"},"content":{"rendered":"<p><a href=\"http:\/\/www.villingur.com\/wp-content\/uploads\/DSC_0077.jpg\"><img loading=\"lazy\" decoding=\"async\" src=\"http:\/\/www.villingur.com\/wp-content\/uploads\/DSC_0077-267x300.jpg\" alt=\"DSC_0077\" width=\"267\" height=\"300\" class=\"alignright size-medium wp-image-2115\" srcset=\"http:\/\/www.villingur.com\/wp-content\/uploads\/DSC_0077-267x300.jpg 267w, http:\/\/www.villingur.com\/wp-content\/uploads\/DSC_0077.jpg 500w\" sizes=\"auto, (max-width: 267px) 100vw, 267px\" \/><\/a>V\u00e6r tidlig ute med \u00e5 sikre deg overnatting et sted i dette natursj\u00f8nne og turistpopul\u00e6re omr\u00e5det \ud83d\ude42  se linker under<\/p>\n<p><a href=\"http:\/\/www.landapark.no\/index.php?id=landa-park-camping\">Landa Park Camping<\/a> N\u00e6rmeste nabo til stevneomr\u00e5det, 2 minutter \u00e5 g\u00e5<\/p>\n<p><a href=\"http:\/\/www.lysefjord-hyttegrend.no\/index_no.htm\">Lysefjord Hyttegrend<\/a> ca 10 minutters kj\u00f8ring fra stevneomr\u00e5det<\/p>\n<p><a href=\"http:\/\/www.preikestolenfjellstue.no\/index.php?fo_id=7110\">Preikestolhytta<\/a> ca 20 minutters kj\u00f8ring fra stevneomr\u00e5det <\/p>\n<p><a href=\"http:\/\/www.verkshotellet.no\/\">Verkshotellet<\/a> ligger i J\u00f8rpeland sentrum, ca 20  minutter kj\u00f8ring fra stevneomr\u00e5det<\/p>\n<p><a href=\"http:\/\/www.lillandhotell.no\/no\/index.html\">Liland hotell<\/a> ligger p\u00e5 Tau, ca 40 minutter kj\u00f8ring  fra stevneomr\u00e5det<\/p>\n","protected":false},"excerpt":{"rendered":"<p>V\u00e6r tidlig ute med \u00e5 sikre deg overnatting et sted i dette natursj\u00f8nne og turistpopul\u00e6re omr\u00e5det \ud83d\ude42 se linker under Landa Park Camping N\u00e6rmeste nabo til stevneomr\u00e5det, 2 minutter \u00e5 g\u00e5 Lysefjord Hyttegrend ca 10 minutters kj\u00f8ring fra stevneomr\u00e5det Preikestolhytta ca 20 minutters kj\u00f8ring fra stevneomr\u00e5det Verkshotellet ligger i J\u00f8rpeland sentrum, ca 20 minutter kj\u00f8ring &hellip; <\/p>\n<p class=\"link-more\"><a href=\"http:\/\/www.villingur.com\/?page_id=4310\" class=\"more-link\">Fortsett \u00e5 lese<span class=\"screen-reader-text\"> \u00abOvernattingssteder\u00bb<\/span><\/a><\/p>\n","protected":false},"author":1,"featured_media":4283,"parent":0,"menu_order":0,"comment_status":"closed","ping_status":"closed","template":"","meta":{"jetpack_post_was_ever_published":false,"footnotes":""},"class_list":["post-4310","page","type-page","status-publish","has-post-thumbnail","hentry"],"jetpack_sharing_enabled":true,"jetpack_shortlink":"https:\/\/wp.me\/P803s6-17w","jetpack_likes_enabled":true,"_links":{"self":[{"href":"http:\/\/www.villingur.com\/index.php?rest_route=\/wp\/v2\/pages\/4310","targetHints":{"allow":["GET"]}}],"collection":[{"href":"http:\/\/www.villingur.com\/index.php?rest_route=\/wp\/v2\/pages"}],"about":[{"href":"http:\/\/www.villingur.com\/index.php?rest_route=\/wp\/v2\/types\/page"}],"author":[{"embeddable":true,"href":"http:\/\/www.villingur.com\/index.php?rest_route=\/wp\/v2\/users\/1"}],"replies":[{"embeddable":true,"href":"http:\/\/www.villingur.com\/index.php?rest_route=%2Fwp%2Fv2%2Fcomments&post=4310"}],"version-history":[{"count":1,"href":"http:\/\/www.villingur.com\/index.php?rest_route=\/wp\/v2\/pages\/4310\/revisions"}],"predecessor-version":[{"id":4311,"href":"http:\/\/www.villingur.com\/index.php?rest_route=\/wp\/v2\/pages\/4310\/revisions\/4311"}],"wp:featuredmedia":[{"embeddable":true,"href":"http:\/\/www.villingur.com\/index.php?rest_route=\/wp\/v2\/media\/4283"}],"wp:attachment":[{"href":"http:\/\/www.villingur.com\/index.php?rest_route=%2Fwp%2Fv2%2Fmedia&parent=4310"}],"curies":[{"name":"wp","href":"https:\/\/api.w.org\/{rel}","templated":true}]}}