{"id":1734,"date":"2013-01-08T14:57:04","date_gmt":"2013-01-08T13:57:04","guid":{"rendered":"http:\/\/www.villingur.com\/?page_id=1734"},"modified":"2025-01-22T10:20:15","modified_gmt":"2025-01-22T09:20:15","slug":"kurs","status":"publish","type":"page","link":"https:\/\/www.villingur.com\/?page_id=1734","title":{"rendered":"Kurs"},"content":{"rendered":"\n<p class=\"has-vivid-red-color has-text-color\"><em>denne siden er under utarbeiding<\/em><\/p>\n\n\n\n<p>Hvert \u00e5r arrangeres det flere kurs i Villingur.  Det er flest kurs som fokuserer p\u00e5 gangartstrening og stevnetrening, men det har ogs\u00e5 v\u00e6rt arrangert dressurkurs og nylig et kurs i horsemanship.<br><br><em>Invitasjonene ligger ogs\u00e5 ute under tilh\u00f8rende arrangement i terminliste\/aktivitetskalender. P\u00e5 <a href=\"https:\/\/www.sporti.dk\/club.php?id=102\">Sporti.dk<\/a> finner dere invitasjon og p\u00e5melding til v\u00e5re kurs. <\/em><\/p>\n\n\n\n<h3 class=\"wp-block-heading\">Invitasjoner for kurs 2023<\/h3>\n\n\n\n<p><a href=\"https:\/\/www.sporti.dk\/event\/activity.php?id=9451\">Marthe kurs januar &#8211; avlyst<\/a><\/p>\n\n\n\n<p><a href=\"https:\/\/www.sporti.dk\/event\/activity.php?id=9464\">Trine kurs januar<\/a><\/p>\n\n\n\n<h3 class=\"wp-block-heading\">Invitasjoner for kurs 2022<\/h3>\n\n\n\n<p><a href=\"http:\/\/www.villingur.com\/?event=helgekurs-med-marthe-skjaeveland-3\">Marthe kurs januar &#8211; avlyst<\/a><\/p>\n\n\n\n<p><a href=\"http:\/\/www.villingur.com\/?event=helgekurs-med-marthe-skjaeveland-4\">Marthe kurs februar<\/a><\/p>\n\n\n\n<p><a href=\"http:\/\/www.villingur.com\/?event=helgekurs-med-marthe-skjaeveland-5\">Marthe kurs mars<\/a><\/p>\n\n\n\n<p><a href=\"http:\/\/www.villingur.com\/?event=helgekurs-med-marthe-skjaeveland-6\">Marthe kurs april<\/a><\/p>\n\n\n\n<p><a href=\"https:\/\/www.sporti.dk\/event\/activity.php?id=9067\">Marthe kurs september<\/a><\/p>\n\n\n\n<p><a href=\"https:\/\/www.sporti.dk\/event\/activity.php?id=9156\">Marthe kurs oktober<\/a><\/p>\n\n\n\n<p><a href=\"https:\/\/www.sporti.dk\/event\/activity.php?id=9266\">Marthe kurs november<\/a><\/p>\n\n\n\n<p><a href=\"https:\/\/www.sporti.dk\/event\/activity.php?id=9272\">Trine kurs november<\/a><\/p>\n\n\n\n<h3 class=\"wp-block-heading\">Invitasjoner for kurs 2021<\/h3>\n\n\n\n<p><a href=\"http:\/\/www.villingur.com\/?event=helgekurs-med-marthe-skjaeveland\">Marthe kurs september<\/a><\/p>\n\n\n\n<p><a href=\"http:\/\/www.villingur.com\/?event=helgekurs-med-marthe-skjaeveland-2\">Marthe kurs oktober<\/a><\/p>\n\n\n\n<p><a href=\"http:\/\/www.villingur.com\/?event=ridekurs-med-marthe-skjaeveland\">Marthe kurs november<\/a><\/p>\n\n\n\n<h3 class=\"wp-block-heading\">Invitasjoner for kurs 2020<\/h3>\n\n\n\n<p><a href=\"http:\/\/www.villingur.com\/?event=kurshelg-med-johan-2\">Johan kurs 2020<\/a><\/p>\n\n\n\n<p><a href=\"http:\/\/www.villingur.com\/?event=kurshelg-med-iben-3\">Iben kurs 2020<\/a><\/p>\n\n\n\n<h3 class=\"wp-block-heading\">Invitasjoner for kurs 2019<\/h3>\n\n\n\n<p><a href=\"http:\/\/www.villingur.com\/?p=7387\">Agnar kurs&nbsp;2018\/2019<\/a><\/p>\n\n\n\n<p><a href=\"http:\/\/www.villingur.com\/?p=7567\">Ekstra kurs med Agnar<\/a><\/p>\n\n\n\n<p><a href=\"http:\/\/www.villingur.com\/?p=7605\">Ingeborg kurs 2019<\/a><\/p>\n\n\n\n<p><a href=\"http:\/\/www.villingur.com\/?paged=2\">Horsemanship kurs med Hawk<\/a><\/p>\n\n\n\n<p><a href=\"http:\/\/www.villingur.com\/?p=7897\">Yoga kurs med Therese <\/a><\/p>\n\n\n\n<p><a href=\"http:\/\/www.villingur.com\/?p=8211\">Johan kurs 2019<\/a><\/p>\n\n\n\n<p><a href=\"http:\/\/www.villingur.com\/?p=8158\">Vigd\u00eds passkurs<\/a><\/p>\n\n\n\n<p><a href=\"http:\/\/www.villingur.com\/?p=8308\">Horsemanship kurs med Hawk<\/a><\/p>\n\n\n\n<p><\/p>\n\n\n\n<h3 class=\"wp-block-heading\">Ridetider 2019<\/h3>\n\n\n\n<p><a href=\"http:\/\/www.villingur.com\/?p=7661\">Ridetider 26.-27. januar med Agnar<\/a><\/p>\n\n\n\n<p><a href=\"http:\/\/www.villingur.com\/?p=7804\">Ridetider 9.-10. februar med Agnar<\/a> &#8211; Avlyst  <\/p>\n\n\n\n<p><a href=\"http:\/\/www.villingur.com\/?p=7880\">Ridetider 23.-24.februar med Ingeborg<\/a><\/p>\n\n\n\n<p><a href=\"http:\/\/www.villingur.com\/?p=7932\">Ridetider 2.-3. mars med Agnar<\/a><\/p>\n\n\n\n<p><a href=\"http:\/\/www.villingur.com\/?p=8322\">Ridetider 7.-8. september med Johan<\/a><\/p>\n\n\n\n<p><\/p>\n\n\n\n<h3 class=\"wp-block-heading\" id=\"mce_4\">Invitasjoner for kurs 2018<\/h3>\n\n\n\n<p><a href=\"http:\/\/www.villingur.com\/?p=6406\">Nils kurs<\/a><\/p>\n\n\n\n<p><a href=\"http:\/\/www.villingur.com\/?p=6400\">Agnar kurs<\/a><\/p>\n\n\n\n<p><a href=\"http:\/\/www.villingur.com\/?p=7206\">Ingeborg kurs<\/a><\/p>\n\n\n\n<p><\/p>\n\n\n\n<h3 class=\"wp-block-heading\" id=\"mce_2\">Ridetider 2018<\/h3>\n\n\n\n<p><a href=\"http:\/\/www.villingur.com\/?p=6460\">Ridetider 27.-28. januar med Agnar<\/a><\/p>\n\n\n\n<p><a href=\"http:\/\/www.villingur.com\/?p=6524\">Ridetider 3.-4. februar med Nils<\/a><\/p>\n\n\n\n<p><a href=\"http:\/\/www.villingur.com\/?p=6621\">Ridetider 3.-4. mars med Agnar<\/a><\/p>\n\n\n\n<p><a href=\"http:\/\/www.villingur.com\/?p=6810\">Ridetider 14.-15. april med Agnar<\/a><\/p>\n\n\n\n<p><a href=\"http:\/\/www.villingur.com\/?p=7495\">Ridetider 3.-4. november med Agnar<\/a><\/p>\n\n\n\n<p><a href=\"http:\/\/www.villingur.com\/?p=7544\">Ridetider 24.-25. november med Ingeborg<\/a><\/p>\n\n\n\n<p><a href=\"http:\/\/www.villingur.com\/?p=7577\">Ridetider 15.-16. desember med Agnar<\/a><\/p>\n","protected":false},"excerpt":{"rendered":"<p>denne siden er under utarbeiding Hvert \u00e5r arrangeres det flere kurs i Villingur. Det er flest kurs som fokuserer p\u00e5 gangartstrening og stevnetrening, men det har ogs\u00e5 v\u00e6rt arrangert dressurkurs og nylig et kurs i horsemanship. Invitasjonene ligger ogs\u00e5 ute under tilh\u00f8rende arrangement i terminliste\/aktivitetskalender. P\u00e5 Sporti.dk finner dere invitasjon og p\u00e5melding til v\u00e5re kurs. &hellip; <\/p>\n<p class=\"link-more\"><a href=\"https:\/\/www.villingur.com\/?page_id=1734\" class=\"more-link\">Fortsett \u00e5 lese<span class=\"screen-reader-text\"> \u00abKurs\u00bb<\/span><\/a><\/p>\n","protected":false},"author":1,"featured_media":0,"parent":0,"menu_order":0,"comment_status":"closed","ping_status":"closed","template":"","meta":{"jetpack_post_was_ever_published":false,"footnotes":""},"class_list":["post-1734","page","type-page","status-publish","hentry"],"jetpack_sharing_enabled":true,"jetpack_shortlink":"https:\/\/wp.me\/P803s6-rY","jetpack_likes_enabled":true,"_links":{"self":[{"href":"https:\/\/www.villingur.com\/index.php?rest_route=\/wp\/v2\/pages\/1734","targetHints":{"allow":["GET"]}}],"collection":[{"href":"https:\/\/www.villingur.com\/index.php?rest_route=\/wp\/v2\/pages"}],"about":[{"href":"https:\/\/www.villingur.com\/index.php?rest_route=\/wp\/v2\/types\/page"}],"author":[{"embeddable":true,"href":"https:\/\/www.villingur.com\/index.php?rest_route=\/wp\/v2\/users\/1"}],"replies":[{"embeddable":true,"href":"https:\/\/www.villingur.com\/index.php?rest_route=%2Fwp%2Fv2%2Fcomments&post=1734"}],"version-history":[{"count":34,"href":"https:\/\/www.villingur.com\/index.php?rest_route=\/wp\/v2\/pages\/1734\/revisions"}],"predecessor-version":[{"id":10133,"href":"https:\/\/www.villingur.com\/index.php?rest_route=\/wp\/v2\/pages\/1734\/revisions\/10133"}],"wp:attachment":[{"href":"https:\/\/www.villingur.com\/index.php?rest_route=%2Fwp%2Fv2%2Fmedia&parent=1734"}],"curies":[{"name":"wp","href":"https:\/\/api.w.org\/{rel}","templated":true}]}}